{"id":484,"date":"2019-11-26T14:24:00","date_gmt":"2019-11-26T13:24:00","guid":{"rendered":"https:\/\/www.euskaleskolapublikoa.eus\/?page_id=484"},"modified":"2019-11-26T15:51:10","modified_gmt":"2019-11-26T14:51:10","slug":"akordioa-hezkuntza-legea","status":"publish","type":"page","link":"https:\/\/www.euskaleskolapublikoa.eus\/es\/akordioa-hezkuntza-legea\/","title":{"rendered":"Acuerdo \/ Ley Educaci\u00f3n"},"content":{"rendered":"<p><\/p>\n<p style=\"text-align: left;\" align=\"CENTER\"><b><a href=\"https:\/\/www.ehige.eus\/wp-content\/uploads\/2019\/11\/Diagnostico-sobre-el-Sistema-Educativo-Vasco-Escuela-Publica-Vasca-para-la-cohesion-y-la-justicia-social-Noviembre-2019.pdf\"><img loading=\"lazy\" decoding=\"async\" class=\"alignleft wp-image-13504 size-medium\" src=\"https:\/\/www.ehige.eus\/wp-content\/uploads\/2019\/11\/publikazioa-CAS-01-247x300.jpg\" alt=\"\" width=\"247\" height=\"300\" \/><\/a><\/b><\/p>\n<p>&nbsp;<\/p>\n<p>&nbsp;<\/p>\n<p><strong>Diagn\u00f3stico sobre el Sistema Educativo Vasco &#8211; Escuela P\u00fablica Vasca para la cohesi\u00f3n y la justicia social.<\/strong> Consulta <a href=\"https:\/\/www.ehige.eus\/wp-content\/uploads\/2019\/11\/Diagnostico-sobre-el-Sistema-Educativo-Vasco-Escuela-Publica-Vasca-para-la-cohesion-y-la-justicia-social-Noviembre-2019.pdf\">aqu\u00ed<\/a> el documento.<\/p>\n<p>&nbsp;<\/p>\n<p>&nbsp;<\/p>\n<p><strong><img loading=\"lazy\" decoding=\"async\" class=\"size-medium wp-image-13510 alignleft\" src=\"https:\/\/www.ehige.eus\/wp-content\/uploads\/2019\/11\/publikazioa-1-01-247x300.jpg\" alt=\"\" width=\"247\" height=\"300\" \/><\/strong><\/p>\n<p>&nbsp;<\/p>\n<p>&nbsp;<\/p>\n<p><strong>Aportaciones de EHIGE y HEIZE a la consulta del anteproyecto de Ley de Educaci\u00f3n<\/strong>. Consulta <a href=\"https:\/\/www.ehige.eus\/wp-content\/uploads\/2019\/11\/Aportaciones-de-EHIGE-y-HEIZE-a-la-consulta-del-anteproyecto-de-Ley-de-Educacion-1.pdf\">aqu\u00ed<\/a> el documento.<\/p>\n<!-- AddThis Advanced Settings generic via filter on the_content --><!-- AddThis Share Buttons generic via filter on the_content -->","protected":false},"excerpt":{"rendered":"<p>&nbsp; &nbsp; Diagn\u00f3stico sobre el Sistema Educativo Vasco &#8211; Escuela P\u00fablica Vasca para la cohesi\u00f3n y la justicia social. Consulta [&hellip;]<!-- AddThis Advanced Settings generic via filter on get_the_excerpt --><!-- AddThis Share Buttons generic via filter on get_the_excerpt --><\/p>\n","protected":false},"author":169,"featured_media":0,"parent":0,"menu_order":0,"comment_status":"closed","ping_status":"closed","template":"","meta":{"_exactmetrics_skip_tracking":false,"_exactmetrics_sitenote_active":false,"_exactmetrics_sitenote_note":"","_exactmetrics_sitenote_category":0,"footnotes":""},"class_list":["post-484","page","type-page","status-publish","hentry"],"aioseo_notices":[],"_links":{"self":[{"href":"https:\/\/www.euskaleskolapublikoa.eus\/es\/wp-json\/wp\/v2\/pages\/484","targetHints":{"allow":["GET"]}}],"collection":[{"href":"https:\/\/www.euskaleskolapublikoa.eus\/es\/wp-json\/wp\/v2\/pages"}],"about":[{"href":"https:\/\/www.euskaleskolapublikoa.eus\/es\/wp-json\/wp\/v2\/types\/page"}],"author":[{"embeddable":true,"href":"https:\/\/www.euskaleskolapublikoa.eus\/es\/wp-json\/wp\/v2\/users\/169"}],"replies":[{"embeddable":true,"href":"https:\/\/www.euskaleskolapublikoa.eus\/es\/wp-json\/wp\/v2\/comments?post=484"}],"version-history":[{"count":3,"href":"https:\/\/www.euskaleskolapublikoa.eus\/es\/wp-json\/wp\/v2\/pages\/484\/revisions"}],"predecessor-version":[{"id":518,"href":"https:\/\/www.euskaleskolapublikoa.eus\/es\/wp-json\/wp\/v2\/pages\/484\/revisions\/518"}],"wp:attachment":[{"href":"https:\/\/www.euskaleskolapublikoa.eus\/es\/wp-json\/wp\/v2\/media?parent=484"}],"curies":[{"name":"wp","href":"https:\/\/api.w.org\/{rel}","templated":true}]}}

Acuerdo / Ley Educación

<p></p>
<p style="text-align: left;" align="CENTER"><b><a href="https://www.ehige.eus/wp-content/uploads/2019/11/Diagnostico-sobre-el-Sistema-Educativo-Vasco-Escuela-Publica-Vasca-para-la-cohesion-y-la-justicia-social-Noviembre-2019.pdf"><img loading="lazy" decoding="async" class="alignleft wp-image-13504 size-medium" src="https://www.ehige.eus/wp-content/uploads/2019/11/publikazioa-CAS-01-247x300.jpg" alt="" width="247" height="300" /></a></b></p>
<p>&nbsp;</p>
<p>&nbsp;</p>
<p><strong>Diagnóstico sobre el Sistema Educativo Vasco &#8211; Escuela Pública Vasca para la cohesión y la justicia social.</strong> Consulta <a href="https://www.ehige.eus/wp-content/uploads/2019/11/Diagnostico-sobre-el-Sistema-Educativo-Vasco-Escuela-Publica-Vasca-para-la-cohesion-y-la-justicia-social-Noviembre-2019.pdf">aquí</a> el documento.</p>
<p>&nbsp;</p>
<p>&nbsp;</p>
<p><strong><img loading="lazy" decoding="async" class="size-medium wp-image-13510 alignleft" src="https://www.ehige.eus/wp-content/uploads/2019/11/publikazioa-1-01-247x300.jpg" alt="" width="247" height="300" /></strong></p>
<p>&nbsp;</p>
<p>&nbsp;</p>
<p><strong>Aportaciones de EHIGE y HEIZE a la consulta del anteproyecto de Ley de Educación</strong>. Consulta <a href="https://www.ehige.eus/wp-content/uploads/2019/11/Aportaciones-de-EHIGE-y-HEIZE-a-la-consulta-del-anteproyecto-de-Ley-de-Educacion-1.pdf">aquí</a> el documento.</p>
<!-- AddThis Advanced Settings generic via filter on the_content --><!-- AddThis Share Buttons generic via filter on the_content -->

<p>&nbsp; &nbsp; Diagnóstico sobre el Sistema Educativo Vasco &#8211; Escuela Pública Vasca para la cohesión y la justicia social. Consulta [&hellip;]<!-- AddThis Advanced Settings generic via filter on get_the_excerpt --><!-- AddThis Share Buttons generic via filter on get_the_excerpt --></p>
