{"id":165,"date":"2016-03-22T17:59:59","date_gmt":"2016-03-22T16:59:59","guid":{"rendered":"https:\/\/www.euskaleskolapublikoa.eus\/?page_id=165"},"modified":"2022-03-14T11:04:05","modified_gmt":"2022-03-14T10:04:05","slug":"eskola-digitala-2","status":"publish","type":"page","link":"https:\/\/www.euskaleskolapublikoa.eus\/es\/eskola-digitala-2\/","title":{"rendered":"Eskola Digitala"},"content":{"rendered":"<div class=\"wpb-content-wrapper\"><p>[vc_row][vc_column][vc_column_text]<strong>La 7.\u00aa edici\u00f3n de Eskola Digita ser\u00e1 los d\u00edas 23 y 24 de marzo<\/strong><\/p>\n<p>&nbsp;<\/p>\n<p>Los d\u00edas 23 y 24 de marzo celebraremos la 7.\u00aa edici\u00f3n de las Jornadas <a href=\"https:\/\/eskoladigitala.eus\/\">Eskola Digitala<\/a> en el <a href=\"https:\/\/eskoladigitala.eus\/nola-iritsi\/\">Hotel Occidental<\/a> de Bilbao, organizadas por <a href=\"http:\/\/www.heize.eus\">HEIZE<\/a> y EHIGE. Ya est\u00e1 abierto el plazo de <a href=\"https:\/\/eskoladigitala.eus\/izena-eman\/\">inscripci\u00f3n<\/a> y el <a href=\"https:\/\/eskoladigitala.eus\/egitaraua\/\">programa<\/a>\u00a0disponible.<\/p>\n<p>Organizadas por primera vez en 2015, Eskola Digitala son unas jornadas para profundizar en la innovaci\u00f3n digital y metodol\u00f3gica de la escuela p\u00fablica vasca. Su objetivo es ofrecer al profesorado, a los equipos directivos y a las familias una mirada mutua a los fruct\u00edferos procesos de digitalizaci\u00f3n de los centros p\u00fablicos.<\/p>\n<p>En esta 7\u00aa edici\u00f3n nos centraremos en <strong>cinco ejes<\/strong> principales:<\/p>\n<ul>\n<li>Los diferentes roles de las personas en la ense\u00f1anza digital y su importancia: profesorado, alumnado y familias.<\/li>\n<li>Compensaci\u00f3n de las diferencias existentes en los centros (tambi\u00e9n) en el \u00e1mbito digital<\/li>\n<li>Consolidar la presencia del euskera en el \u00e1mbito educativo digital.<\/li>\n<li>Dimensiones interrelacionadas de sostenibilidad, desarrollo, innovaci\u00f3n educativa y dependencia tecnol\u00f3gica.<\/li>\n<li>Publicidad, calidad educativa, investigaci\u00f3n y toma de decisiones eficaces.<\/li>\n<\/ul>\n<p>Aunque este a\u00f1o volvemos a la presencialidad, tambi\u00e9n habr\u00e1 ocasi\u00f3n de seguir las conferencias de las salas Erima y Zubia-Santillana a trav\u00e9s de v\u00eddeo <em>streaming<\/em>.<\/p>\n<p>\u00a1Apuntad los d\u00edas en vuestras agendas y os iremos informando!<\/p>\n<p>Descarga el programa en <a href=\"https:\/\/www.ehige.eus\/wp-content\/uploads\/2022\/03\/ED7-egitaraua.pdf\">formato PDF<\/a>.<\/p>\n<p><a href=\"https:\/\/eskoladigitala.eus\/izena-eman\/\">\u00a1Inscr\u00edbete!<\/a><\/p>\n<p><a href=\"https:\/\/www.euskaleskolapublikoa.eus\/wp-content\/uploads\/2022\/03\/Irudiak-2022-2-63.jpg\"><img loading=\"lazy\" decoding=\"async\" class=\"alignnone wp-image-942 size-large\" src=\"https:\/\/www.euskaleskolapublikoa.eus\/wp-content\/uploads\/2022\/03\/Irudiak-2022-2-63-1024x510.jpg\" alt=\"\" width=\"1024\" height=\"510\" srcset=\"https:\/\/www.euskaleskolapublikoa.eus\/wp-content\/uploads\/2022\/03\/Irudiak-2022-2-63-1024x510.jpg 1024w, https:\/\/www.euskaleskolapublikoa.eus\/wp-content\/uploads\/2022\/03\/Irudiak-2022-2-63-300x150.jpg 300w, https:\/\/www.euskaleskolapublikoa.eus\/wp-content\/uploads\/2022\/03\/Irudiak-2022-2-63-768x383.jpg 768w, https:\/\/www.euskaleskolapublikoa.eus\/wp-content\/uploads\/2022\/03\/Irudiak-2022-2-63.jpg 1503w\" sizes=\"auto, (max-width: 1024px) 100vw, 1024px\" \/><\/a>[\/vc_column_text][vc_separator][vc_separator][vc_column_text]<\/p>\n<p><strong>Eskola Digitala 6<\/strong><\/p>\n<p>&nbsp;<\/p>\n<p>Los d\u00edas <strong>25 y 26 de noviembre<\/strong> celebraremos la 6\u00aa edici\u00f3n de <a href=\"https:\/\/eskoladigitala.eus\/\">Eskola Digitala<\/a> organizada por <a href=\"http:\/\/heize.eus\/\">HEIZE<\/a> y EHIGE que cancelamos el pasado mes de marzo. M\u00e1s all\u00e1 del \u201cterremoto\u201d provocado por la pandemia al sistema educativo y a los procesos de aprendizaje, las comunidades escolares debemos empezar a dibujar, junto a todos los agentes implicados en la mejora de la educaci\u00f3n, la escuela del futuro\u200b, una escuela que ayude al alumnado a desarrollar las competencias que necesitar\u00e1n para afrontar los retos del siglo XXI.<\/p>\n<p>Todas las actividades (charlas de personas expertas, experiencias educativas, talleres) estar\u00e1n basadas en los siguientes <strong>ejes conceptuales<\/strong>:<\/p>\n<ol>\n<li><strong>Inclusi\u00f3n digital.<\/strong> Personalizaci\u00f3n de los entornos de aprendizaje, brecha digital, alfabetizaci\u00f3n digital del profesorado, creaci\u00f3n de recursos educativos abiertos, etc.<\/li>\n<li><strong>\u00bfQu\u00e9 hemos aprendido en el confinamiento?<\/strong> Identificar nuestras debilidades para transformarlas en pol\u00edticas educativas, aplicaci\u00f3n de innovaciones tecnol\u00f3gicas y metodol\u00f3gicas en la ense\u00f1anza a distancia, etc.<\/li>\n<li><strong>Escuelas seguras.<\/strong> Ciberseguridad, privacidad, cultura cient\u00edfica y pensamiento cr\u00edtico, etc.<\/li>\n<li><strong>El euskara en el entorno digital.<\/strong> Creaci\u00f3n de materiales en euskera, garantizar la presencia de materiales en euskara en plataformas y procesos de comunicaci\u00f3n masivos, Agenda Estrat\u00e9gica del Euskara 2017-2020, etc.<\/li>\n<li><strong>La investigaci\u00f3n como palanca de cambio.<\/strong> Aprendizaje basado en evidencias, sensibilizaci\u00f3n sobre ciencia y tecnolog\u00eda, inclusi\u00f3n de g\u00e9nero, etc.<\/li>\n<\/ol>\n<p>\u00a1Apuntad los d\u00edas en vuestras agendas y os iremos informando!<\/p>\n<p><a href=\"https:\/\/www.euskaleskolapublikoa.eus\/wp-content\/uploads\/2020\/10\/Facebook-04-scaled.jpg\"><img loading=\"lazy\" decoding=\"async\" class=\"alignnone wp-image-793 size-large\" src=\"https:\/\/www.euskaleskolapublikoa.eus\/wp-content\/uploads\/2020\/10\/Facebook-04-1024x388.jpg\" alt=\"\" width=\"1024\" height=\"388\" srcset=\"https:\/\/www.euskaleskolapublikoa.eus\/wp-content\/uploads\/2020\/10\/Facebook-04-1024x388.jpg 1024w, https:\/\/www.euskaleskolapublikoa.eus\/wp-content\/uploads\/2020\/10\/Facebook-04-300x114.jpg 300w, https:\/\/www.euskaleskolapublikoa.eus\/wp-content\/uploads\/2020\/10\/Facebook-04-768x291.jpg 768w, https:\/\/www.euskaleskolapublikoa.eus\/wp-content\/uploads\/2020\/10\/Facebook-04-1536x582.jpg 1536w, https:\/\/www.euskaleskolapublikoa.eus\/wp-content\/uploads\/2020\/10\/Facebook-04-2048x775.jpg 2048w\" sizes=\"auto, (max-width: 1024px) 100vw, 1024px\" \/><\/a>[\/vc_column_text][\/vc_column][\/vc_row][vc_row][vc_column][\/vc_column][\/vc_row]<\/p>\n<\/div><!-- AddThis Advanced Settings generic via filter on the_content --><!-- AddThis Share Buttons generic via filter on the_content -->","protected":false},"excerpt":{"rendered":"<p>[vc_row][vc_column][vc_column_text]La 7.\u00aa edici\u00f3n de Eskola Digita ser\u00e1 los d\u00edas 23 y 24 de marzo &nbsp; Los d\u00edas 23 y 24 [&hellip;]<!-- AddThis Advanced Settings generic via filter on get_the_excerpt --><!-- AddThis Share Buttons generic via filter on get_the_excerpt --><\/p>\n","protected":false},"author":168,"featured_media":0,"parent":0,"menu_order":0,"comment_status":"closed","ping_status":"closed","template":"","meta":{"_exactmetrics_skip_tracking":false,"_exactmetrics_sitenote_active":false,"_exactmetrics_sitenote_note":"","_exactmetrics_sitenote_category":0,"footnotes":""},"class_list":["post-165","page","type-page","status-publish","hentry"],"aioseo_notices":[],"_links":{"self":[{"href":"https:\/\/www.euskaleskolapublikoa.eus\/es\/wp-json\/wp\/v2\/pages\/165","targetHints":{"allow":["GET"]}}],"collection":[{"href":"https:\/\/www.euskaleskolapublikoa.eus\/es\/wp-json\/wp\/v2\/pages"}],"about":[{"href":"https:\/\/www.euskaleskolapublikoa.eus\/es\/wp-json\/wp\/v2\/types\/page"}],"author":[{"embeddable":true,"href":"https:\/\/www.euskaleskolapublikoa.eus\/es\/wp-json\/wp\/v2\/users\/168"}],"replies":[{"embeddable":true,"href":"https:\/\/www.euskaleskolapublikoa.eus\/es\/wp-json\/wp\/v2\/comments?post=165"}],"version-history":[{"count":20,"href":"https:\/\/www.euskaleskolapublikoa.eus\/es\/wp-json\/wp\/v2\/pages\/165\/revisions"}],"predecessor-version":[{"id":949,"href":"https:\/\/www.euskaleskolapublikoa.eus\/es\/wp-json\/wp\/v2\/pages\/165\/revisions\/949"}],"wp:attachment":[{"href":"https:\/\/www.euskaleskolapublikoa.eus\/es\/wp-json\/wp\/v2\/media?parent=165"}],"curies":[{"name":"wp","href":"https:\/\/api.w.org\/{rel}","templated":true}]}}

<div class="wpb-content-wrapper"><p>[vc_row][vc_column][vc_column_text]<strong>La 7.ª edición de Eskola Digita será los días 23 y 24 de marzo</strong></p>
<p>&nbsp;</p>
<p>Los días 23 y 24 de marzo celebraremos la 7.ª edición de las Jornadas <a href="https://eskoladigitala.eus/">Eskola Digitala</a> en el <a href="https://eskoladigitala.eus/nola-iritsi/">Hotel Occidental</a> de Bilbao, organizadas por <a href="http://www.heize.eus">HEIZE</a> y EHIGE. Ya está abierto el plazo de <a href="https://eskoladigitala.eus/izena-eman/">inscripción</a> y el <a href="https://eskoladigitala.eus/egitaraua/">programa</a> disponible.</p>
<p>Organizadas por primera vez en 2015, Eskola Digitala son unas jornadas para profundizar en la innovación digital y metodológica de la escuela pública vasca. Su objetivo es ofrecer al profesorado, a los equipos directivos y a las familias una mirada mutua a los fructíferos procesos de digitalización de los centros públicos.</p>
<p>En esta 7ª edición nos centraremos en <strong>cinco ejes</strong> principales:</p>
<ul>
<li>Los diferentes roles de las personas en la enseñanza digital y su importancia: profesorado, alumnado y familias.</li>
<li>Compensación de las diferencias existentes en los centros (también) en el ámbito digital</li>
<li>Consolidar la presencia del euskera en el ámbito educativo digital.</li>
<li>Dimensiones interrelacionadas de sostenibilidad, desarrollo, innovación educativa y dependencia tecnológica.</li>
<li>Publicidad, calidad educativa, investigación y toma de decisiones eficaces.</li>
</ul>
<p>Aunque este año volvemos a la presencialidad, también habrá ocasión de seguir las conferencias de las salas Erima y Zubia-Santillana a través de vídeo <em>streaming</em>.</p>
<p>¡Apuntad los días en vuestras agendas y os iremos informando!</p>
<p>Descarga el programa en <a href="https://www.ehige.eus/wp-content/uploads/2022/03/ED7-egitaraua.pdf">formato PDF</a>.</p>
<p><a href="https://eskoladigitala.eus/izena-eman/">¡Inscríbete!</a></p>
<p><a href="https://www.euskaleskolapublikoa.eus/wp-content/uploads/2022/03/Irudiak-2022-2-63.jpg"><img loading="lazy" decoding="async" class="alignnone wp-image-942 size-large" src="https://www.euskaleskolapublikoa.eus/wp-content/uploads/2022/03/Irudiak-2022-2-63-1024x510.jpg" alt="" width="1024" height="510" srcset="https://www.euskaleskolapublikoa.eus/wp-content/uploads/2022/03/Irudiak-2022-2-63-1024x510.jpg 1024w, https://www.euskaleskolapublikoa.eus/wp-content/uploads/2022/03/Irudiak-2022-2-63-300x150.jpg 300w, https://www.euskaleskolapublikoa.eus/wp-content/uploads/2022/03/Irudiak-2022-2-63-768x383.jpg 768w, https://www.euskaleskolapublikoa.eus/wp-content/uploads/2022/03/Irudiak-2022-2-63.jpg 1503w" sizes="auto, (max-width: 1024px) 100vw, 1024px" /></a>[/vc_column_text][vc_separator][vc_separator][vc_column_text]</p>
<p><strong>Eskola Digitala 6</strong></p>
<p>&nbsp;</p>
<p>Los días <strong>25 y 26 de noviembre</strong> celebraremos la 6ª edición de <a href="https://eskoladigitala.eus/">Eskola Digitala</a> organizada por <a href="http://heize.eus/">HEIZE</a> y EHIGE que cancelamos el pasado mes de marzo. Más allá del “terremoto” provocado por la pandemia al sistema educativo y a los procesos de aprendizaje, las comunidades escolares debemos empezar a dibujar, junto a todos los agentes implicados en la mejora de la educación, la escuela del futuro​, una escuela que ayude al alumnado a desarrollar las competencias que necesitarán para afrontar los retos del siglo XXI.</p>
<p>Todas las actividades (charlas de personas expertas, experiencias educativas, talleres) estarán basadas en los siguientes <strong>ejes conceptuales</strong>:</p>
<ol>
<li><strong>Inclusión digital.</strong> Personalización de los entornos de aprendizaje, brecha digital, alfabetización digital del profesorado, creación de recursos educativos abiertos, etc.</li>
<li><strong>¿Qué hemos aprendido en el confinamiento?</strong> Identificar nuestras debilidades para transformarlas en políticas educativas, aplicación de innovaciones tecnológicas y metodológicas en la enseñanza a distancia, etc.</li>
<li><strong>Escuelas seguras.</strong> Ciberseguridad, privacidad, cultura científica y pensamiento crítico, etc.</li>
<li><strong>El euskara en el entorno digital.</strong> Creación de materiales en euskera, garantizar la presencia de materiales en euskara en plataformas y procesos de comunicación masivos, Agenda Estratégica del Euskara 2017-2020, etc.</li>
<li><strong>La investigación como palanca de cambio.</strong> Aprendizaje basado en evidencias, sensibilización sobre ciencia y tecnología, inclusión de género, etc.</li>
</ol>
<p>¡Apuntad los días en vuestras agendas y os iremos informando!</p>
<p><a href="https://www.euskaleskolapublikoa.eus/wp-content/uploads/2020/10/Facebook-04-scaled.jpg"><img loading="lazy" decoding="async" class="alignnone wp-image-793 size-large" src="https://www.euskaleskolapublikoa.eus/wp-content/uploads/2020/10/Facebook-04-1024x388.jpg" alt="" width="1024" height="388" srcset="https://www.euskaleskolapublikoa.eus/wp-content/uploads/2020/10/Facebook-04-1024x388.jpg 1024w, https://www.euskaleskolapublikoa.eus/wp-content/uploads/2020/10/Facebook-04-300x114.jpg 300w, https://www.euskaleskolapublikoa.eus/wp-content/uploads/2020/10/Facebook-04-768x291.jpg 768w, https://www.euskaleskolapublikoa.eus/wp-content/uploads/2020/10/Facebook-04-1536x582.jpg 1536w, https://www.euskaleskolapublikoa.eus/wp-content/uploads/2020/10/Facebook-04-2048x775.jpg 2048w" sizes="auto, (max-width: 1024px) 100vw, 1024px" /></a>[/vc_column_text][/vc_column][/vc_row][vc_row][vc_column][/vc_column][/vc_row]</p>
</div><!-- AddThis Advanced Settings generic via filter on the_content --><!-- AddThis Share Buttons generic via filter on the_content -->

<p>[vc_row][vc_column][vc_column_text]La 7.ª edición de Eskola Digita será los días 23 y 24 de marzo &nbsp; Los días 23 y 24 [&hellip;]<!-- AddThis Advanced Settings generic via filter on get_the_excerpt --><!-- AddThis Share Buttons generic via filter on get_the_excerpt --></p>
